est common divisor of c and k.
24
Let h = -63 - -77. What is the greatest common factor of 119 and h?
7
Let t(f) = -f + 3. Let h(b) = b - 1. Let v be h(-4). Let n be t(v). Let z = n - 6. What is the highest common factor of z and 5?
1
Suppose 119 = 4*o - 161. Let m(n) = -n - 2. Let u(p) = -p - 3. Let a(h) = 2*m(h) - 3*u(h). Let x be a(5). What is the greatest common divisor of o and x?
10
Suppose 4*v + 2*h - 330 = 0, -3*v + 18*h - 14*h = -275. What is the highest common factor of 680 and v?
85
Suppose -3*x + 7*x = 3*q - 4, 3*x = 4*q - 10. Calculate the greatest common divisor of 2 and q.
2
Suppose -5*t - 10*m + 13*m + 240 = 0, 0 = -t - 4*m + 25. What is the highest common factor of 5 and t?
5
Let n be (-36133)/(-69) - (-4)/(-6). Suppose -n = -4*p - 3*t, p + 4*p = 3*t + 647. What is the greatest common factor of 26 and p?
26
Let h = 24 + 113. Suppose h = 5*u - 63. What is the greatest common divisor of u and 8?
8
Suppose -i - 24 = -3*p, -p + 0*i = -i - 6. Calculate the greatest common factor of 33 and p.
3
Suppose -5*j + 131 + 39 = 5*t, 4*t + 3*j - 140 = 0. Suppose -4 = -f + 15. What is the greatest common factor of f and t?
19
Suppose -7*w + 3185 = -2674. What is the highest common factor of w and 31?
31
Let g = 279 - 258. Calculate the greatest common divisor of 294 and g.
21
Let f(z) = -z**2 + 6*z + 1. Let r be f(-4). Let g = 65 + r. What is the greatest common divisor of g and 13?
13
Let i be 4 - (-210)/(-49) - 3152/(-7). Calculate the highest common divisor of i and 36.
18
Let v = -76 - -167. Suppose -3*y = -557 - v. Calculate the greatest common factor of 27 and y.
27
Let v = 3163 - 3130. Let r be (-7)/((-14)/(-180)) - 1. Let t = r - -157. Calculate the highest common factor of v and t.
33
Let x be (-3 - 2)/((-2)/6). Suppose 4*s + 3 = 2*b + s, -3*b + s = -x. Suppose -4*q + b*v = 3*v - 59, -v - 1 = 0. What is the highest common factor of q and 14?
14
Let y = 386 + -161. Calculate the greatest common factor of 25 and y.
25
Suppose -3*l = -3*m + 72, -l + 2*m - 12 = -3*m. Let p be l/(-6)*(-5 - -9). Calculate the highest common factor of p and 126.
18
Let a(m) be the third derivative of -m**5/60 - 3*m**4/8 + 2*m**3/3 - 21*m**2. Let o be a(-8). Calculate the greatest common divisor of 48 and o.
12
Let n(f) = -f + 12. Let z = 41 + -34. Let j be n(z). Suppose -2*v + 27 = 3*g, 0*v + j*v + 4 = -g. Calculate the highest common factor of 55 and g.
11
Let b(d) = -d**3 - 11*d**2 - d - 5. Let n be b(-11). What is the greatest common divisor of n and 6?
6
Let q(j) be the third derivative of 0 + 2*j**2 + 0*j + 1/24*j**4 + 5/3*j**3. Let p be q(8). What is the greatest common divisor of p and 45?
9
Let t = -49 - -85. Suppose -36 = -84*j + 82*j. Calculate the greatest common factor of j and t.
18
Let x = 28 + -24. Let r be 394/x + (-4)/(-8). What is the highest common divisor of r and 9?
9
Suppose -3*y = 3*i - 108, -3*i + y - 6*y = -100. What is the greatest common divisor of i and 88?
8
Let g be (3 - 0)*(-4)/6. Let n(w) be the first derivative of -3*w**4/2 - w**3/3 + w - 58. Let i be n(g). Calculate the greatest common factor of i and 30.
15
Suppose 4*f - 2270 = -l, 7*f = 2*f - 5*l + 2845. What is the greatest common factor of f and 84?
21
Let v(a) = a**2 + 17*a + 85. Let u be v(-30). Calculate the greatest common divisor of u and 95.
95
Let v(q) = q**3 - 6*q**2 + 3*q + 3. Let l be v(5). Let p = 5 + l. Let k be (2*-3)/(1 + p). Calculate the highest common factor of 66 and k.
6
Let f be ((-24)/(-36))/((-2)/(-33)). Suppose f*x - 6*x - 45 = 0. Calculate the greatest common divisor of 18 and x.
9
Suppose x - 2 = -1, 5*a + 4*x - 289 = 0. What is the greatest common divisor of a and 21?
3
Suppose -o + 2*o - 48 = 0. Suppose 5*k - 7*k + 240 = 0. Calculate the greatest common divisor of o and k.
24
Suppose -4*q = 3*t - 207, -3*q - q + t + 187 = 0. What is the greatest common divisor of q and 84?
12
Let c be 26 + -19 - (1 + 1). Suppose 3*u + 2*p = 63, -9*u + 84 = -c*u + 2*p. Suppose u = -v + 101. Calculate the highest common factor of v and 10.
10
Suppose 3*u = -2*u + 3*n + 87, -4*n - 16 = 0. Suppose 0 = -y - v + 125, -3*v = 7*y + 95 - 950. What is the greatest common factor of u and y?
15
Suppose -15 = -5*o, 4*a = 2*a - 4*o - 10. Let z = 24 + a. Suppose -2*h + 6*h = 572. What is the greatest common divisor of h and z?
13
Let w(u) = 2*u**3 - 3*u**2 + 22*u - 3. Let b be w(3). Calculate the highest common factor of b and 135.
45
Suppose 14*u - 13*u = -106. Let i = -103 - u. What is the greatest common divisor of 21 and i?
3
Let c be (-4)/(-48)*2 + 23/6. Calculate the highest common factor of 76 and c.
4
Suppose 4*i = -2*s + 728, 26*s = 31*s + 2*i - 1836. Calculate the greatest common divisor of 32 and s.
16
Let l = -626 + 635. What is the greatest common divisor of 13 and l?
1
Suppose 0 = 5*o - 3*t - 75, 79 - 28 = 3*o - 3*t. Suppose -836 = -16*w + o*w. Let g be ((-68)/(-2))/2 + 2. Calculate the greatest common divisor of w and g.
19
Suppose -4*m + 111 - 67 = 0. Calculate the greatest common factor of 11 and m.
11
Suppose -14 - 12 = -r. Let w = -239 + 447. What is the highest common factor of w and r?
26
Suppose -4*h + 136 + 164 = 4*c, -3*h = -c - 237. Calculate the greatest common divisor of h and 24.
6
Let c be -6 - (-1 + 1)/(-3). Let u(i) = 4 + 6*i + 3 - i**2 - 1 - 12*i. Let b be u(c). Calculate the greatest common factor of b and 18.
6
Suppose -34*a - 89033 = -83*a. Calculate the highest common factor of 23 and a.
23
Let c = -100 - -107. What is the highest common factor of c and 14?
7
Suppose 6*d - 19 - 77 = 0. Suppose -2*r + 4*t = -r - 16, 2*r = -2*t + 2. Calculate the highest common factor of r and d.
4
Let i = -278 + 495. Calculate the greatest common divisor of 31 and i.
31
Suppose 2*b + 3*s = 420, 0 = 77*b - 80*b + 4*s + 596. Calculate the greatest common divisor of 476 and b.
68
Let r be (1 + 105)*5/(-10). Let d be r/(-5) - 24/(-60). Calculate the highest common divisor of 44 and d.
11
Suppose 0 = 7*x - 1834 - 602. Calculate the highest common factor of x and 36.
12
Let s be 18/10*(174 + -4). What is the greatest common divisor of s and 2601?
153
Let k = 2 + 0. Suppose -2*s = 2*s - 5*o - 272, -307 = -5*s - k*o. Suppose -g = -s - 72. What is the highest common factor of 15 and g?
15
Let u = 1120 + -644. What is the highest common divisor of 28 and u?
28
Suppose 4*j - 19*n = -21*n + 80, -4*j = 3*n - 82. What is the highest common factor of j and 2565?
19
Suppose 4*h - 1 - 15 = 0. Suppose 0*r = r - 4*l - 12, -12 = -r + 2*l. Calculate the highest common factor of h and r.
4
Let f(a) = 46*a**2 - 21*a - 45. Let m be f(-3). Calculate the highest common divisor of m and 108.
108
Let p be ((-468)/(-14))/((-28)/(-196)). Suppose 0 = 13*l - 0*l - p. Calculate the highest common factor of 42 and l.
6
Let w(f) = f - 3. Let j be w(-4). Let h(o) = -3*o + 4. Let r be h(j). Let k be (r/(-10))/((-5)/4). What is the greatest common divisor of 3 and k?
1
Let c(r) = -r**2 - 6*r + 5. Let s = 5 - 11. Let t be c(s). Suppose -t*h + 120 = -0*h. Calculate the highest common factor of h and 36.
12
Suppose 1 - 5 = o. Let i be (1 - o)/(1/2). Let h(z) = z**2 - 22*z - 34. Let k be h(26). Calculate the highest common divisor of i and k.
10
Let s be (-4)/(-3)*(-5)/((-70)/1323). Calculate the greatest common factor of 420 and s.
42
Let k = 5 - -17. Let c = k + -12. Calculate the highest common divisor of 40 and c.
10
Let t(d) = 19*d**2. Let m be t(3). Suppose r + 2*r = m. Suppose -23*a + 630 + 244 = 0. What is the highest common factor of a and r?
19
Let w be 2/(-5) + (-504)/(-60). Suppose 20 = -3*h + w*h. Suppose h*j - 150 = j. What is the greatest common factor of 20 and j?
10
Let a be 4981/102 - (-2)/12. Suppose -20 = 4*s + 8. Let y(c) = c**2 + 5*c - 7. Let d be y(s). Calculate the highest common divisor of a and d.
7
Let n be (((-129)/(-4))/(-1))/((-261)/696). Let c = n + 64. Let p be 59 - (2/1 - 3). Calculate the highest common factor of c and p.
30
Let d = -233 - -102. Let a = d - -275. Suppose 0*v = -3*v + a. Calculate the greatest common factor of 12 and v.
12
Suppose 114 = d - 390. Let k = d - 229. Calculate the highest common factor of 25 and k.
25
Let y be 3 - (-62)/(-22) - (-2)/(-11). Suppose y*c + 2*c - 6 = 0. What is the highest common divisor of 8 and c?
1
Suppose i - 4*r = 